{"id":69,"date":"2024-01-08T14:08:34","date_gmt":"2024-01-08T13:08:34","guid":{"rendered":"https:\/\/lesmerveillesdeclem-bijoux.com\/?page_id=69"},"modified":"2024-11-27T14:09:17","modified_gmt":"2024-11-27T13:09:17","slug":"accueil","status":"publish","type":"page","link":"https:\/\/lesmerveillesdeclem-bijoux.com\/","title":{"rendered":"Accueil"},"content":{"rendered":"<p>[et_pb_section fb_built=\u00a0\u00bb1&Prime; disabled_on=\u00a0\u00bbon|on|off\u00a0\u00bb admin_label=\u00a0\u00bbHeader\u00a0\u00bb _builder_version=\u00a0\u00bb4.23.4&Prime; _module_preset=\u00a0\u00bbdefault\u00a0\u00bb background_enable_color=\u00a0\u00bboff\u00a0\u00bb use_background_color_gradient=\u00a0\u00bbon\u00a0\u00bb background_color_gradient_stops=\u00a0\u00bbrgba(0,0,0,0.5) 0%|rgba(0,0,0,0.5) 100%\u00a0\u00bb background_color_gradient_overlays_image=\u00a0\u00bbon\u00a0\u00bb background_image=\u00a0\u00bbhttp:\/\/lesmerveillesdeclem-bijoux.com\/wp-content\/uploads\/2024\/01\/Lesmerveillesdeclem-06-scaled.jpg\u00a0\u00bb background_position=\u00a0\u00bbcenter_right\u00a0\u00bb background_horizontal_offset=\u00a0\u00bb100%\u00a0\u00bb custom_padding=\u00a0\u00bb53px||23px|||\u00a0\u00bb collapsed=\u00a0\u00bbon\u00a0\u00bb global_colors_info=\u00a0\u00bb{}\u00a0\u00bb][et_pb_row _builder_version=\u00a0\u00bb4.22.0&Prime; _module_preset=\u00a0\u00bbdefault\u00a0\u00bb custom_padding=\u00a0\u00bb||113px|||\u00a0\u00bb global_colors_info=\u00a0\u00bb{}\u00a0\u00bb][et_pb_column type=\u00a0\u00bb4_4&Prime; _builder_version=\u00a0\u00bb4.22.0&Prime; _module_preset=\u00a0\u00bbdefault\u00a0\u00bb global_colors_info=\u00a0\u00bb{}\u00a0\u00bb][et_pb_image src=\u00a0\u00bbhttp:\/\/lesmerveillesdeclem-bijoux.com\/wp-content\/uploads\/2024\/01\/White-Minimalist-Profile-LinkedIn-Banner-3.png\u00a0\u00bb title_text=\u00a0\u00bbLes merveilles de Clem\u00a0\u00bb align=\u00a0\u00bbcenter\u00a0\u00bb _builder_version=\u00a0\u00bb4.23.4&Prime; _module_preset=\u00a0\u00bbdefault\u00a0\u00bb width=\u00a0\u00bb95%\u00a0\u00bb max_width=\u00a0\u00bb105%\u00a0\u00bb custom_margin=\u00a0\u00bb30px|||||\u00a0\u00bb custom_padding=\u00a0\u00bb13px|||||\u00a0\u00bb hover_enabled=\u00a0\u00bb0&Prime; global_colors_info=\u00a0\u00bb{}\u00a0\u00bb sticky_enabled=\u00a0\u00bb0&Prime;][\/et_pb_image][\/et_pb_column][\/et_pb_row][\/et_pb_section][et_pb_section fb_built=\u00a0\u00bb1&Prime; admin_label=\u00a0\u00bbProducts\u00a0\u00bb _builder_version=\u00a0\u00bb4.22.0&Prime; _module_preset=\u00a0\u00bbdefault\u00a0\u00bb collapsed=\u00a0\u00bbon\u00a0\u00bb global_colors_info=\u00a0\u00bb{}\u00a0\u00bb][et_pb_row column_structure=\u00a0\u00bb1_3,1_3,1_3&Prime; _builder_version=\u00a0\u00bb4.22.0&Prime; _module_preset=\u00a0\u00bbdefault\u00a0\u00bb global_colors_info=\u00a0\u00bb{}\u00a0\u00bb][et_pb_column type=\u00a0\u00bb1_3&Prime; _builder_version=\u00a0\u00bb4.22.0&Prime; _module_preset=\u00a0\u00bbdefault\u00a0\u00bb global_colors_info=\u00a0\u00bb{}\u00a0\u00bb][et_pb_cta button_url=\u00a0\u00bbhttps:\/\/lesmerveillesdeclem-bijoux.com\/index.php\/categorie-produit\/bracelet-acier-inoxydable\/\u00a0\u00bb button_text=\u00a0\u00bbBracelets\u00a0\u00bb _builder_version=\u00a0\u00bb4.23.4&Prime; _module_preset=\u00a0\u00bbdefault\u00a0\u00bb header_text_color=\u00a0\u00bb#FFFFFF\u00a0\u00bb body_text_color=\u00a0\u00bb#FFFFFF\u00a0\u00bb background_color=\u00a0\u00bb#e3ccdf\u00a0\u00bb custom_button=\u00a0\u00bbon\u00a0\u00bb button_text_size=\u00a0\u00bb18px\u00a0\u00bb button_text_color=\u00a0\u00bb#FFFFFF\u00a0\u00bb background_layout=\u00a0\u00bblight\u00a0\u00bb global_colors_info=\u00a0\u00bb{}\u00a0\u00bb]<\/p>\n<p><img loading=\"lazy\" decoding=\"async\" src=\"http:\/\/lesmerveillesdeclem-bijoux.com\/wp-content\/uploads\/2024\/11\/IMG_4023-300x300.jpg\" width=\"300\" height=\"300\" alt=\"\" class=\"wp-image-871 alignnone size-medium\" srcset=\"https:\/\/lesmerveillesdeclem-bijoux.com\/wp-content\/uploads\/2024\/11\/IMG_4023-300x300.jpg 300w, https:\/\/lesmerveillesdeclem-bijoux.com\/wp-content\/uploads\/2024\/11\/IMG_4023-1024x1024.jpg 1024w, https:\/\/lesmerveillesdeclem-bijoux.com\/wp-content\/uploads\/2024\/11\/IMG_4023-150x150.jpg 150w, https:\/\/lesmerveillesdeclem-bijoux.com\/wp-content\/uploads\/2024\/11\/IMG_4023-768x768.jpg 768w, https:\/\/lesmerveillesdeclem-bijoux.com\/wp-content\/uploads\/2024\/11\/IMG_4023-1536x1536.jpg 1536w, https:\/\/lesmerveillesdeclem-bijoux.com\/wp-content\/uploads\/2024\/11\/IMG_4023-2048x2048.jpg 2048w, https:\/\/lesmerveillesdeclem-bijoux.com\/wp-content\/uploads\/2024\/11\/IMG_4023-1080x1080.jpg 1080w, https:\/\/lesmerveillesdeclem-bijoux.com\/wp-content\/uploads\/2024\/11\/IMG_4023-1280x1280.jpg 1280w, https:\/\/lesmerveillesdeclem-bijoux.com\/wp-content\/uploads\/2024\/11\/IMG_4023-980x980.jpg 980w, https:\/\/lesmerveillesdeclem-bijoux.com\/wp-content\/uploads\/2024\/11\/IMG_4023-480x480.jpg 480w, https:\/\/lesmerveillesdeclem-bijoux.com\/wp-content\/uploads\/2024\/11\/IMG_4023-600x600.jpg 600w, https:\/\/lesmerveillesdeclem-bijoux.com\/wp-content\/uploads\/2024\/11\/IMG_4023-100x100.jpg 100w\" sizes=\"auto, (max-width: 300px) 100vw, 300px\" \/><\/p>\n<p>[\/et_pb_cta][et_pb_text _builder_version=\u00a0\u00bb4.23.4&Prime; _module_preset=\u00a0\u00bb80c8666e-326b-4eba-a088-1c57f70a2a36&Prime; text_orientation=\u00a0\u00bbcenter\u00a0\u00bb global_colors_info=\u00a0\u00bb{}\u00a0\u00bb][\/et_pb_text][\/et_pb_column][et_pb_column type=\u00a0\u00bb1_3&Prime; _builder_version=\u00a0\u00bb4.22.0&Prime; _module_preset=\u00a0\u00bbdefault\u00a0\u00bb global_colors_info=\u00a0\u00bb{}\u00a0\u00bb][et_pb_cta button_url=\u00a0\u00bbhttps:\/\/lesmerveillesdeclem-bijoux.com\/index.php\/categorie-produit\/collier-acier-inoxydable\/\u00a0\u00bb button_text=\u00a0\u00bbColliers\u00a0\u00bb _builder_version=\u00a0\u00bb4.23.4&Prime; _module_preset=\u00a0\u00bbdefault\u00a0\u00bb header_text_color=\u00a0\u00bb#FFFFFF\u00a0\u00bb background_color=\u00a0\u00bb#e3ccdf\u00a0\u00bb custom_button=\u00a0\u00bbon\u00a0\u00bb button_text_color=\u00a0\u00bb#FFFFFF\u00a0\u00bb global_colors_info=\u00a0\u00bb{}\u00a0\u00bb]<\/p>\n<p><img loading=\"lazy\" decoding=\"async\" src=\"http:\/\/lesmerveillesdeclem-bijoux.com\/wp-content\/uploads\/2024\/11\/IMG_4002-300x300.jpg\" width=\"300\" height=\"300\" alt=\"\" class=\"wp-image-874 alignnone size-medium\" \/><\/p>\n<p>[\/et_pb_cta][\/et_pb_column][et_pb_column type=\u00a0\u00bb1_3&Prime; _builder_version=\u00a0\u00bb4.22.0&Prime; _module_preset=\u00a0\u00bbdefault\u00a0\u00bb global_colors_info=\u00a0\u00bb{}\u00a0\u00bb][et_pb_cta button_url=\u00a0\u00bbhttps:\/\/lesmerveillesdeclem-bijoux.com\/index.php\/categorie-produit\/bague-acier-inoxydable\/\u00a0\u00bb button_text=\u00a0\u00bbBagues\u00a0\u00bb _builder_version=\u00a0\u00bb4.23.4&Prime; _module_preset=\u00a0\u00bbdefault\u00a0\u00bb header_text_color=\u00a0\u00bb#FFFFFF\u00a0\u00bb background_color=\u00a0\u00bb#e3ccdf\u00a0\u00bb custom_button=\u00a0\u00bbon\u00a0\u00bb button_text_color=\u00a0\u00bb#FFFFFF\u00a0\u00bb global_colors_info=\u00a0\u00bb{}\u00a0\u00bb]<\/p>\n<p><img loading=\"lazy\" decoding=\"async\" src=\"http:\/\/lesmerveillesdeclem-bijoux.com\/wp-content\/uploads\/2024\/11\/IMG_4012-300x300.jpg\" width=\"300\" height=\"300\" alt=\"\" class=\"wp-image-875 alignnone size-medium\" srcset=\"https:\/\/lesmerveillesdeclem-bijoux.com\/wp-content\/uploads\/2024\/11\/IMG_4012-300x300.jpg 300w, https:\/\/lesmerveillesdeclem-bijoux.com\/wp-content\/uploads\/2024\/11\/IMG_4012-1024x1024.jpg 1024w, https:\/\/lesmerveillesdeclem-bijoux.com\/wp-content\/uploads\/2024\/11\/IMG_4012-150x150.jpg 150w, https:\/\/lesmerveillesdeclem-bijoux.com\/wp-content\/uploads\/2024\/11\/IMG_4012-768x768.jpg 768w, https:\/\/lesmerveillesdeclem-bijoux.com\/wp-content\/uploads\/2024\/11\/IMG_4012-1536x1536.jpg 1536w, https:\/\/lesmerveillesdeclem-bijoux.com\/wp-content\/uploads\/2024\/11\/IMG_4012-2048x2048.jpg 2048w, https:\/\/lesmerveillesdeclem-bijoux.com\/wp-content\/uploads\/2024\/11\/IMG_4012-1080x1080.jpg 1080w, https:\/\/lesmerveillesdeclem-bijoux.com\/wp-content\/uploads\/2024\/11\/IMG_4012-1280x1280.jpg 1280w, https:\/\/lesmerveillesdeclem-bijoux.com\/wp-content\/uploads\/2024\/11\/IMG_4012-980x980.jpg 980w, https:\/\/lesmerveillesdeclem-bijoux.com\/wp-content\/uploads\/2024\/11\/IMG_4012-480x480.jpg 480w, https:\/\/lesmerveillesdeclem-bijoux.com\/wp-content\/uploads\/2024\/11\/IMG_4012-600x600.jpg 600w, https:\/\/lesmerveillesdeclem-bijoux.com\/wp-content\/uploads\/2024\/11\/IMG_4012-100x100.jpg 100w\" sizes=\"auto, (max-width: 300px) 100vw, 300px\" \/><\/p>\n<p>[\/et_pb_cta][\/et_pb_column][\/et_pb_row][\/et_pb_section][et_pb_section fb_built=\u00a0\u00bb1&Prime; admin_label=\u00a0\u00bbCall to Action\u00a0\u00bb _builder_version=\u00a0\u00bb4.23.4&Prime; _module_preset=\u00a0\u00bbdefault\u00a0\u00bb use_background_color_gradient=\u00a0\u00bbon\u00a0\u00bb background_color_gradient_stops=\u00a0\u00bbrgba(0,0,0,0.5) 0%|rgba(0,0,0,0.5) 100%\u00a0\u00bb background_color_gradient_overlays_image=\u00a0\u00bbon\u00a0\u00bb background_image=\u00a0\u00bbhttp:\/\/lesmerveillesdeclem-bijoux.com\/wp-content\/uploads\/2024\/01\/Lesmerveillesdeclem-28-scaled.jpg\u00a0\u00bb custom_padding=\u00a0\u00bb10vw||10vw||true|false\u00a0\u00bb collapsed=\u00a0\u00bbon\u00a0\u00bb global_colors_info=\u00a0\u00bb{}\u00a0\u00bb][et_pb_row _builder_version=\u00a0\u00bb4.22.0&Prime; _module_preset=\u00a0\u00bbdefault\u00a0\u00bb max_width=\u00a0\u00bb800px\u00a0\u00bb global_colors_info=\u00a0\u00bb{}\u00a0\u00bb][et_pb_column type=\u00a0\u00bb4_4&Prime; _builder_version=\u00a0\u00bb4.22.0&Prime; _module_preset=\u00a0\u00bbdefault\u00a0\u00bb global_colors_info=\u00a0\u00bb{}\u00a0\u00bb][et_pb_text _builder_version=\u00a0\u00bb4.22.0&Prime; _module_preset=\u00a0\u00bb96119a78-aeac-4b9a-bfc9-781343f93e57&Prime; header_2_text_color=\u00a0\u00bb#FFFFFF\u00a0\u00bb text_orientation=\u00a0\u00bbcenter\u00a0\u00bb custom_margin=\u00a0\u00bb||10px||false|false\u00a0\u00bb global_colors_info=\u00a0\u00bb{}\u00a0\u00bb]<\/p>\n<h2>Les Merveilles de Clem<\/h2>\n<p>[\/et_pb_text][et_pb_text _builder_version=\u00a0\u00bb4.22.0&Prime; _module_preset=\u00a0\u00bb46428491-2587-41ec-8e05-4dc04dbd80d0&Prime; text_text_color=\u00a0\u00bb#FFFFFF\u00a0\u00bb text_orientation=\u00a0\u00bbcenter\u00a0\u00bb global_colors_info=\u00a0\u00bb{}\u00a0\u00bb]<\/p>\n<p>Bienvenue chez Les Merveilles de Clem, une jeune entreprise de bijoux artisanaux en acier inoxydable. Chaque pi\u00e8ce est unique et r\u00e9sistante au quotidien gr\u00e2ce aux choix de mat\u00e9riaux en acier inoxydable.<\/p>\n<p>[\/et_pb_text][et_pb_button button_url=\u00a0\u00bbhttps:\/\/lesmerveillesdeclem-bijoux.com\/index.php\/boutique\/\u00a0\u00bb button_text=\u00a0\u00bbBoutique\u00a0\u00bb button_alignment=\u00a0\u00bbcenter\u00a0\u00bb _builder_version=\u00a0\u00bb4.23.4&Prime; _module_preset=\u00a0\u00bbf7e166e5-6c60-47f0-bb4c-80ff33c185f2&Prime; global_colors_info=\u00a0\u00bb{}\u00a0\u00bb][\/et_pb_button][\/et_pb_column][\/et_pb_row][\/et_pb_section][et_pb_section fb_built=\u00a0\u00bb1&Prime; admin_label=\u00a0\u00bbFeature\u00a0\u00bb _builder_version=\u00a0\u00bb4.22.0&Prime; _module_preset=\u00a0\u00bbdefault\u00a0\u00bb custom_padding=\u00a0\u00bb||102px|||\u00a0\u00bb collapsed=\u00a0\u00bbon\u00a0\u00bb global_colors_info=\u00a0\u00bb{}\u00a0\u00bb][et_pb_row column_structure=\u00a0\u00bb1_2,1_2&Prime; _builder_version=\u00a0\u00bb4.22.0&Prime; _module_preset=\u00a0\u00bbdefault\u00a0\u00bb global_colors_info=\u00a0\u00bb{}\u00a0\u00bb][et_pb_column type=\u00a0\u00bb1_2&Prime; _builder_version=\u00a0\u00bb4.22.0&Prime; _module_preset=\u00a0\u00bbdefault\u00a0\u00bb global_colors_info=\u00a0\u00bb{}\u00a0\u00bb][et_pb_image src=\u00a0\u00bbhttp:\/\/lesmerveillesdeclem-bijoux.com\/wp-content\/uploads\/2024\/01\/29.png\u00a0\u00bb title_text=\u00a0\u00bb29&Prime; show_bottom_space=\u00a0\u00bboff\u00a0\u00bb _builder_version=\u00a0\u00bb4.23.4&Prime; _module_preset=\u00a0\u00bbdefault\u00a0\u00bb custom_margin=\u00a0\u00bb|20%||-20%|false|false\u00a0\u00bb global_colors_info=\u00a0\u00bb{}\u00a0\u00bb][\/et_pb_image][et_pb_image src=\u00a0\u00bbhttp:\/\/lesmerveillesdeclem-bijoux.com\/wp-content\/uploads\/2024\/01\/33.png\u00a0\u00bb title_text=\u00a0\u00bb33&Prime; _builder_version=\u00a0\u00bb4.23.4&Prime; _module_preset=\u00a0\u00bbdefault\u00a0\u00bb positioning=\u00a0\u00bbabsolute\u00a0\u00bb position_origin_a=\u00a0\u00bbbottom_right\u00a0\u00bb vertical_offset=\u00a0\u00bb-40px\u00a0\u00bb width=\u00a0\u00bb60%\u00a0\u00bb global_colors_info=\u00a0\u00bb{}\u00a0\u00bb][\/et_pb_image][\/et_pb_column][et_pb_column type=\u00a0\u00bb1_2&Prime; _builder_version=\u00a0\u00bb4.22.0&Prime; _module_preset=\u00a0\u00bbdefault\u00a0\u00bb global_colors_info=\u00a0\u00bb{}\u00a0\u00bb][et_pb_text _builder_version=\u00a0\u00bb4.22.0&Prime; _module_preset=\u00a0\u00bbdad74a1c-86c6-4627-8ffc-2aeb41e2ac56&Prime; custom_margin=\u00a0\u00bb||10px||false|false\u00a0\u00bb global_colors_info=\u00a0\u00bb{}\u00a0\u00bb]<\/p>\n<h2>Qui suis-je ?<\/h2>\n<p>[\/et_pb_text][et_pb_text _builder_version=\u00a0\u00bb4.22.0&Prime; _module_preset=\u00a0\u00bb46428491-2587-41ec-8e05-4dc04dbd80d0&Prime; global_colors_info=\u00a0\u00bb{}\u00a0\u00bb]<\/p>\n<p>D\u00e9couvrez l&rsquo;univers de la cr\u00e9atrice derri\u00e8re Les Merveilles de Clem !<\/p>\n<p>Je m&rsquo;appelle Cl\u00e9mence, une passionn\u00e9e de 19 ans \u00e9voluant dans le domaine des bijoux en acier inoxydable. Venant de Bordeaux, c&rsquo;est l\u00e0 que prend vie chaque bijou dans mon atelier.<\/p>\n<p>\u00c9tudiante en alternance, je conjugue ma passion pour l&rsquo;entreprenariat et mes \u00e9tudes avec la confection de bijoux qui allient modernit\u00e9 et \u00e9l\u00e9gance intemporelle. Chaque pi\u00e8ce est le fruit de mon engagement envers la qualit\u00e9 et la durabilit\u00e9.<br \/>Merci de faire partie de cette aventure et de soutenir le travail d&rsquo;une jeune cr\u00e9atrice passionn\u00e9e. Bienvenue dans l&rsquo;univers des Merveilles de Clem.<\/p>\n<p>[\/et_pb_text][et_pb_button button_url=\u00a0\u00bbhttps:\/\/www.instagram.com\/lesmerveillesdeclem\/\u00a0\u00bb button_text=\u00a0\u00bbMe rejoindre sur Instagram\u00a0\u00bb button_alignment=\u00a0\u00bbcenter\u00a0\u00bb _builder_version=\u00a0\u00bb4.23.4&Prime; _module_preset=\u00a0\u00bb1f7c0ac6-93aa-40ac-8bd5-7764367f2554&Prime; global_colors_info=\u00a0\u00bb{}\u00a0\u00bb][\/et_pb_button][\/et_pb_column][\/et_pb_row][\/et_pb_section]<\/p>\n","protected":false},"excerpt":{"rendered":"<p>Les Merveilles de ClemBienvenue chez Les Merveilles de Clem, une jeune entreprise de bijoux artisanaux en acier inoxydable. Chaque pi\u00e8ce est unique et r\u00e9sistante au quotidien gr\u00e2ce aux choix de mat\u00e9riaux en acier inoxydable.Qui suis-je ?D\u00e9couvrez l&rsquo;univers de la cr\u00e9atrice derri\u00e8re Les Merveilles de Clem ! Je m&rsquo;appelle Cl\u00e9mence, une passionn\u00e9e de 19 ans \u00e9voluant [&hellip;]<\/p>\n","protected":false},"author":1,"featured_media":0,"parent":0,"menu_order":0,"comment_status":"closed","ping_status":"closed","template":"","meta":{"_et_pb_use_builder":"on","_et_pb_old_content":"","_et_gb_content_width":"1080","footnotes":""},"class_list":["post-69","page","type-page","status-publish","hentry"],"jetpack_sharing_enabled":true,"_links":{"self":[{"href":"https:\/\/lesmerveillesdeclem-bijoux.com\/index.php\/wp-json\/wp\/v2\/pages\/69","targetHints":{"allow":["GET"]}}],"collection":[{"href":"https:\/\/lesmerveillesdeclem-bijoux.com\/index.php\/wp-json\/wp\/v2\/pages"}],"about":[{"href":"https:\/\/lesmerveillesdeclem-bijoux.com\/index.php\/wp-json\/wp\/v2\/types\/page"}],"author":[{"embeddable":true,"href":"https:\/\/lesmerveillesdeclem-bijoux.com\/index.php\/wp-json\/wp\/v2\/users\/1"}],"replies":[{"embeddable":true,"href":"https:\/\/lesmerveillesdeclem-bijoux.com\/index.php\/wp-json\/wp\/v2\/comments?post=69"}],"version-history":[{"count":32,"href":"https:\/\/lesmerveillesdeclem-bijoux.com\/index.php\/wp-json\/wp\/v2\/pages\/69\/revisions"}],"predecessor-version":[{"id":877,"href":"https:\/\/lesmerveillesdeclem-bijoux.com\/index.php\/wp-json\/wp\/v2\/pages\/69\/revisions\/877"}],"wp:attachment":[{"href":"https:\/\/lesmerveillesdeclem-bijoux.com\/index.php\/wp-json\/wp\/v2\/media?parent=69"}],"curies":[{"name":"wp","href":"https:\/\/api.w.org\/{rel}","templated":true}]}}